 (-280)/16*(-24)/f. Is -3 + 2916/14 + 12/t a prime number?
False
Let o(v) = 2 - 1513*v**2 + 1535*v**2 + 81 - 10*v. Is o(6) prime?
False
Suppose 2*c + 4*x = 48054 + 38728, -4*c + 173564 = -x. Is c composite?
False
Let z be (-26)/10 - (-34)/(-85) - 1942. Let n = -252 - z. Is n a composite number?
False
Let t(i) = 5*i**2 + 11*i - 35. Let g be t(7). Let k be (g/3)/((-3)/(-81)). Let x = k + -736. Is x prime?
True
Suppose -27892114 = -5*r + 647*n - 650*n, 3*r - 3*n = 16735254. Is r a composite number?
False
Suppose -3*f = f + 15*f. Suppose f = u - 7 + 4. Suppose 2*k = u*w - 3163, 1764 - 7040 = -5*w - k. Is w prime?
False
Suppose 318 + 261 = 4*r - 3*n, 5*r - n = 721. Suppose -141 = 4*y + y - u, r = -5*y + 4*u. Is ((-659)/(-2))/(y/(-56)) a composite number?
False
Let b = 582 - 579. Suppose 0 = w - b*w - o + 19410, 0 = 2*w - 5*o - 19386. Is w a prime number?
False
Let d be (-1 + (-4)/(-3))/((-52)/(-936)). Suppose 0 = 5*a + d*h - 3*h - 22444, 4*h - 13473 = -3*a. Is a composite?
True
Suppose 2*u - 5 = 1. Let f be (u - 7)*211/(-4). Suppose -f = 3*k - 4*k. Is k a composite number?
False
Let n = 7 - 2. Suppose -f - 4*p - 44 = 0, n*f + 2*p + 82 = 2*f. Is (f/36)/((-2)/2235) composite?
True
Let z(v) = v**3 + 32*v**2 - 33*v + 8. Let m be z(-15). Suppose -2*l = -3*c - c + m, 4*l - 3235 = -3*c. Is c a composite number?
True
Let c be ((-8)/14)/(6/(-42)). Suppose -9*i + 2955 = -c*i. Let v = i - 148. Is v a prime number?
True
Suppose -5*b + 2 = -f - 35, 13 = 3*b + 4*f. Is 2768 + b + -4 - -6 prime?
True
Suppose -d = 3*l - 1168588, -13*l = -12*l + 2*d - 389526. Suppose 30*w - 20*w = l. Is w a composite number?
False
Let k(v) = 62*v**2 - 19*v + 16. Let x be k(9). Let z = x - 2048. Is z composite?
False
Suppose -11*w + 1038776 + 345259 = 4*w. Is w composite?
False
Suppose -1845475 - 931860 = -55*q. Is q a composite number?
False
Let r = -13 + 15. Suppose 5*d = r*d - 4677. Is (0 - d) + (7 - 5) a prime number?
False
Suppose 0 = -4*t - 2*n + 19588, 3*t - 4*n - 1657 = 13056. Let c = -1908 + t. Is c prime?
False
Let p(a) = -a**2 - 4*a + 2. Suppose -2*d = 4*n - 4, -3*n = 4*d - 5*n + 22. Let r be p(d). Suppose -2*j + 3*c = -1271, r = -c - 1. Is j composite?
False
Is (-108176)/(-2) - 280/56 a composite number?
False
Let a = 7 - 15. Let i(d) = d**3 + 8*d**2 - 4*d - 17. Let v be i(a). Is 3261/15 - (-3 - (-36)/v) composite?
True
Suppose 4 = m + 5*z, -2*m - 4*z - 8 = -2*z. Is (52/8 + m)*694 composite?
False
Suppose 0 = -33*t + 9323 + 91789. Let v = t + -2055. Is v a composite number?
False
Is (-3849645)/(-6)*(6/8)/(15/8) prime?
True
Let y(n) = -5*n**2 - n + 587. Suppose -7*w + 4*w = 3*w. Is y(w) a prime number?
True
Suppose -3*x = 9, 5*m + 28*x = 25*x + 671576. Is m a composite number?
True
Let a(b) = -b**3 + 14*b**2 + 15*b + 3. Let l be a(15). Suppose 0 - 24 = -l*s. Suppose -s*q - 138 = -10*q. Is q composite?
True
Let n(q) = 23328*q**2 + 202*q + 79. Is n(6) a composite number?
True
Suppose 5*w = -t - 779, 4*t + 4*w + 1790 + 1358 = 0. Let r = t + 4108. Is r a prime number?
True
Is (87618 + -5)*(6 + (-7 - -2)) a composite number?
False
Suppose 0 = 5*r + 5*p - 179345, -4*p - 179381 = 875*r - 880*r. Is r a prime number?
False
Let l = -39786 + 89489. Is l composite?
True
Let t(w) = -5*w**3 - 9*w**2 + 9*w - 322. Is t(-15) prime?
False
Let g be 93 - (4/2)/(-2). Let x = 94 - g. Suppose -4926 = -6*i - x*i. Is i composite?
False
Suppose 0*p - 21 = -3*a - 3*p, 25 = 4*a + p. Let k(y) = 2*y + 9. Let b be k(a). Let g(h) = h**2 + 8*h + 22. Is g(b) a prime number?
True
Let f(l) = 221*l - 5. Let r = 180 - 178. Is f(r) prime?
False
Let h be 4*-1 - (-139 + 14). Let x = h - -385. Suppose -s + 248 = -3*l, -8*s = -6*s - l - x. Is s composite?
True
Let r = 1026164 + -453175. Is r composite?
True
Let s be (-443)/(-2)*(8 + -4). Let c be s + 1 + -3 - -4. Suppose -7*r + c = r. Is r a composite number?
True
Let v(p) = -534*p + 149. Is v(-40) a composite number?
True
Let j(x) be the first derivative of 62*x**3/3 + 4*x**2 + 37*x + 22. Is j(-9) a composite number?
False
Let o(k) = 5*k**3 - 29*k**2 - 52*k + 59. Is o(30) a composite number?
True
Let m be (-2)/3 - (-99)/27. Suppose -4 = -m*w - 4. Suppose w = -3*y + y + 5558. Is y prime?
False
Suppose 0 = -7*i + 9276 + 11738. Let f = i + -891. Is f a prime number?
True
Let c = 261489 - 174778. Is c a prime number?
True
Let n = 73 - 73. Suppose n = 3*t + t - 16. Suppose t*v - 2299 = 2737. Is v prime?
True
Let q = -218 + 213. Is -4 + ((-29930)/q - 1) prime?
True
Let y be (-6)/(-12)*135088 + -4. Suppose -y = -26*w + 6*w. Is w a prime number?
False
Suppose 13*y = 9048278 - 1621339. Is y prime?
True
Let l(d) = 672*d**2 - 56*d - 479. Is l(-8) prime?
False
Is 1/30*45 - 177715/(-2) composite?
True
Let k(c) = -c**2 - 25*c - 57. Let u be k(-22). Suppose -u*d + 11847 = -6*d. Is d prime?
False
Suppose -2*l + 2*y + 44 - 4 = 0, 5*l - 3*y - 90 = 0. Let u(r) = 61*r + 43. Let p be u(l). Let o = -375 + p. Is o composite?
True
Let w = -35246 - -53833. Let y = w + -10120. Is y composite?
False
Is ((-6)/(-7) - 12/14) + 1 + 27498 a composite number?
True
Suppose -b - 58 = -4*y, -10*y + 12*y = -2*b + 24. Suppose -94607 = -y*p - 24621. Is p a prime number?
True
Let g(a) = 2*a - 1. Let t(x) = -x**2 + 8*x - 100. Let d(s) = 6*g(s) - t(s). Is d(-13) a prime number?
True
Let d be (6/(-9))/(1/123). Let h = -79 - d. Suppose -5*z = 2*u - 3283, -h*u = z - 5612 + 694. Is u prime?
False
Let f(q) = -3*q**3 + 3*q + 2. Let z be f(-1). Suppose -2*x - z*x = -4*l + 4, 5*x + 21 = -3*l. Is 3915/13 + 3/39*l a prime number?
False
Suppose 8*f + 11 = -45. Let h be (-4)/(((-28)/(-64))/f). Is (h - -3)/(1/11) a composite number?
True
Let d(f) = -f**2 + 15*f + 9. Let q be d(11). Let h = q - 49. Suppose 79 = i - 5*p - 37, -i = h*p - 125. Is i composite?
True
Let u(o) be the first derivative of 80*o**3/3 - 5*o**2/2 - 4*o + 650. Suppose 0 = -3*w - 0 + 9. Is u(w) a composite number?
False
Let d(b) = -15840*b + 3037. Is d(-7) prime?
False
Let i(u) = -21*u**3 - 21*u**2 + 49*u - 195. Is i(-14) a prime number?
True
Let w(k) = 2*k**3 + 2*k - 2. Let y be w(1). Suppose 0 = 9*b - y*b - 1022. Is b a composite number?
True
Is (-484)/8470 + (6433461/35)/3 composite?
True
Suppose -n + 45056 + 1397 = 5*t, -t - 46447 = -n. Suppose 12*s = -4*s + n. Is s a composite number?
False
Suppose 42*v - 40*v = 32. Suppose -532 = -v*o + 2*o. Is o composite?
True
Is -7*(-18)/168 - (-134290)/8 a prime number?
True
Suppose -5*i = 5*v - 112580, -4*i = -v + 15052 + 7479. Is v prime?
False
Suppose -4*j + 125166 = t, -2*t + 7*t = -2*j + 62592. Suppose 5*n - j = 4*z, -2*n - 5*z + 4833 + 7690 = 0. Is n a prime number?
False
Suppose x - 732057 = 2*w, 40*x + 2*w - 2196195 = 37*x. Is x a composite number?
True
Let v = -239 - -478. Let q = -664 + 667. Suppose 0*l + 2*l - q*i = v, 4*l = 2*i + 498. Is l a prime number?
True
Suppose -5*k + 9*k - 3187436 = -10*k. Is k a prime number?
False
Let s be 8697/(-507) + (-10)/(-65). Let k(t) = -30 - 9*t**2 - 3*t**3 + 2*t + 2*t**3 - 21. Is k(s) composite?
True
Let r(z) = -59*z**2 + 10*z - 9. Let b(v) = 58*v**2 - 9*v + 8. Let y(p) = 6*b(p) + 5*r(p). Is y(-8) prime?
False
Let v be (-355)/(-284) + 7/4. Suppose -18396 = 4*c - v*g - 75409, 2*g - 10 = 0. Is c composite?
True
Let c = -55 + 95. Let m be (38/(-5))/((-16)/c). Suppose -1255 = -24*h + m*h. Is h composite?
False
Let b be ((-10)/6 - -5)*9/5. Suppose b*j - 5009 = 12637. Is j composite?
True
Let y = 3715 - 8738. Let t = y - -8858. Suppose -5*a = 2*s - 0*s - t, -1523 = -2*a - 3*s. Is a a prime number?
True
Let k be (102/(-85))/((-1)/(-5)). Let q(t) = -t - 9. Let b be q(k). Let h(o) = 13*o**2 - 2*o - 5. Is h(b) composite?
True
Let x(s) = -3614*s - 8. Let r(k) = -1807*k - 5. Let h(u) = 5*r(u) - 2*x(u). Is h(-4) prime?
True
Let g be 22/6 - (-2)/(-3). Let x(l) = 36*l**2 - 5*l + 7. Let a(d) = 35*d**2 - 3*d + 7. Let m(v) = 3*a(v) - 2*x(v). Is m(g) a prime number?
True
Let d(o) = o**2 + 2*o - 1. Let j be d(-3). Let y be 2602 - (6/((-18)/(-15)) - j). Suppose -5*k = -2*w - y, -4*k - 1137 = -w - 3218. Is k a composite number?
False
Let w = 546 - 543. Suppose p - 1467 = -2*a, 0 = w*p + 2*a - 5*a - 4392. Is p a composite number?
True
Suppose -4*s = -2*v + 392602, 981475 = -4*v + 9*v - 4*s. Is v a composite number?
False
Let q(a) = -a**2 + 13*a - 7. Let h be q(12). Suppose 5*p 